22?
11
Let s = 20 - 16. Calculate the highest common factor of 2 and s.
2
Suppose -3*t = -2*t + 66. Let v = -36 - t. Calculate the highest common factor of v and 10.
10
Let d = 175 + -83. Let t = d + -50. Let w = -28 + 42. Calculate the greatest common divisor of t and w.
14
Let c = 193 - 116. Calculate the highest common divisor of 7 and c.
7
Suppose 2*m + 3*m - 2*p = 210, 2*m + p - 75 = 0. What is the highest common divisor of m and 440?
40
Let d be (-2)/7 + 564/(-84). Let h(k) = -8*k + 7. Let r be h(d). Calculate the highest common divisor of r and 7.
7
Let d = -6 - -8. Suppose -d*n = -f + 6, 0 = -3*f + n + 46 - 13. Calculate the highest common divisor of 12 and f.
12
Suppose -g + 0*g = -9. Suppose -4 = y - g. What is the highest common divisor of 5 and y?
5
Suppose -2*q - 5*f + 174 = 0, -38 = -3*q + f + 189. What is the greatest common factor of q and 11?
11
Suppose -5*z + 783 = g, -2*g + 3*g = -z + 155. Suppose -2 = -0*s - s. Suppose -s*a + z = 49. What is the greatest common divisor of 18 and a?
18
Let h be (22/11)/((-2)/(-6)). Let f(n) = n + 16. Let t be f(h). What is the highest common factor of t and 11?
11
Let a = -28 + 141. Suppose -a = -h + 4. Calculate the greatest common divisor of 13 and h.
13
Let t = -10 + 7. Let q be 2 + t/(-6)*98. Calculate the highest common factor of 17 and q.
17
Let w = 74 + -54. Calculate the greatest common divisor of w and 180.
20
Let f(i) = 2 + 16*i**2 + 5*i - 1 - 5*i. Let o be f(-1). Suppose -4*j + 5 - o = 0, -4*d = -j - 111. Calculate the greatest common divisor of 3 and d.
3
Let t = 76 - 50. Suppose -4*i + 208 = -3*i. Calculate the highest common divisor of t and i.
26
Suppose -2*s - 5 = w, w = -3*w + 2*s + 20. Suppose f + 2*f = 12. Suppose -f*k + 10 = -26. Calculate the greatest common factor of k and w.
3
Suppose k - 5*h = -10, 0 = k - 2*h + 5*h - 22. Suppose 34 = 4*w - k. Calculate the greatest common divisor of w and 55.
11
Let f(u) = 2*u**2 - 7*u + 5. Let d be f(5). What is the highest common divisor of 4 and d?
4
Let m(y) = -y**2 + 9*y + 2. Let h be m(8). Let b = 35 + -10. What is the greatest common divisor of b and h?
5
Let y(x) = 3*x**2 - 2*x - 2. Let z be y(-2). Calculate the highest common factor of 14 and z.
14
Let z = -28 + 53. Suppose -7*j + 2*j = -25. Calculate the highest common factor of j and z.
5
Let i = 205 - 189. What is the highest common factor of i and 128?
16
Let z be 6/18*0 - (-3 - 1). What is the highest common divisor of 8 and z?
4
Let g(s) = s**3 - 4*s**2 + 4*s - 1. Let h be g(3). Suppose 0*w + 206 = 5*w + h*b, -169 = -4*w - 3*b. What is the greatest common divisor of w and 16?
8
Let m(h) = -14*h - 2. Let v be m(-2). Calculate the greatest common divisor of 286 and v.
26
Let k = 58 + -152. Let d be (-4 - -7)/(6/4). Let g = d - k. What is the highest common divisor of 12 and g?
12
Let y be (-2)/(-5)*(1 - 16). Let i = -4 - y. Calculate the highest common factor of 4 and i.
2
Let k(s) = 26*s**3 - s**2 + 2*s - 1. Suppose -4*j = -7 - 1. Let l be k(j). Calculate the greatest common divisor of l and 23.
23
Let p = -3 + 4. Let q be (-11)/4 + p/(-4). Let r be ((-8)/12)/(2/q). Calculate the highest common factor of r and 7.
1
Let m be (-1)/(-2 + 33/17). Let w be ((-79)/(-9) + -5)*3*3. Calculate the greatest common factor of w and m.
17
Let n(w) = -w + 2. Let g be n(-3). Let s = -50 - -75. What is the greatest common divisor of s and g?
5
Let y be 0/2 + (-5 - -27 - 6). What is the greatest common divisor of 208 and y?
16
Suppose -273 = -3*u - 18*u. Calculate the greatest common divisor of 65 and u.
13
Let x(k) be the second derivative of -k**5/20 + k**4/3 + 5*k**3/6 + 7*k**2/2 + 2*k. Let z be x(5). Calculate the greatest common factor of 35 and z.
7
Let q(t) be the second derivative of t**3 - 3*t**2 + 3*t. Let s be q(4). What is the highest common factor of 54 and s?
18
Let y(l) = -14*l - 20. Let j be y(-4). What is the highest common divisor of j and 48?
12
Let o = 4 - -36. Suppose 0 = -0*n + 2*n - 130. Suppose 3*x - 1 = -i, 5*i - 2*x - n = 3*x. What is the highest common divisor of o and i?
10
Let s(p) = 6*p - 3*p - 2*p - 2*p + 5. Let c be s(-5). What is the greatest common divisor of 80 and c?
10
Let i = -1 - -5. Let q be i/6*-3 - 242. Let w be q/(-24) - 1/6. Calculate the greatest common factor of w and 2.
2
Let q(m) = m**3 + 14*m**2 + 7*m - 13. Let s be q(-13). Let f = 15 + 11. What is the highest common divisor of f and s?
13
Suppose 3*z = -6, -3*k - 5*z = -2 - 0. Suppose -2*x - 5*m = -69, -32 = -x - 6*m + 4*m. Let g = k + x. What is the highest common factor of 65 and g?
13
Let l(n) = 29*n + 6. Let m be l(8). Calculate the highest common divisor of m and 34.
34
Suppose -275 = -7*h + 2*h. Let u be 2/(-4) + 10/4. Suppose -2*r + 88 = u*r. What is the greatest common factor of r and h?
11
Let r(m) = -58*m. Let z be r(-4). Calculate the highest common factor of 29 and z.
29
Suppose -4*r + d = -14, -3*r + 2 = d - 5. Let b be 0/(-4)*1 + 3. Calculate the highest common divisor of r and b.
3
Let t(d) = -d**3 + 22*d**2 + 23*d + 13. Let q be t(23). What is the highest common divisor of 91 and q?
13
Let s = 16 + -14. Suppose s*l = -13 + 85. What is the highest common factor of l and 4?
4
Let g(u) = u**3 - 6*u**2 + 4*u - 15. Let r = -8 - -14. Let m be g(r). Calculate the greatest common divisor of 9 and m.
9
Suppose 0*p - 4*p = -52. Let x = 57 - 44. What is the highest common divisor of x and p?
13
Let a be (-6)/(2 + 249/(-126)). Let i be (a/(-27))/((-2)/(-3)). What is the greatest common factor of 112 and i?
14
Let u be 0 + -1 + -2 + 80. What is the highest common divisor of 11 and u?
11
Suppose 5*w - w + 276 = 0. Let p be 1/(-3) + w/9. Let d = 17 + p. Calculate the greatest common divisor of d and 99.
9
Let p(u) = 2*u**3 + 2*u. Let k be p(2). Calculate the greatest common factor of 220 and k.
20
Let o = -34 + 82. Calculate the highest common divisor of 16 and o.
16
Let m be 39/(-6*2/(-12)). Calculate the highest common divisor of m and 13.
13
Let n(q) be the first derivative of -11*q**2 + 5*q + 1. Let y = 3 + -8. Let x be n(y). What is the greatest common factor of 23 and x?
23
Suppose -m - 4 = -3, -2*r + 5*m = -27. What is the highest common factor of 55 and r?
11
Let v = -80 - -128. Let z = 5 - 38. Let m = -21 - z. Calculate the highest common factor of m and v.
12
Let x(i) be the third derivative of 0 - 1/60*i**5 + 0*i**3 - 2*i**2 - 1/30*i**6 + 0*i**4 + 0*i. Let l be x(-1). What is the greatest common divisor of l and 2?
1
Let d be 0/(-7) + 14/1. Calculate the highest common divisor of 7 and d.
7
Let x = 66 - 57. Calculate the greatest common factor of x and 45.
9
Suppose -4*h = -9*h + 45. Let t be (-24)/(-30) - (1/5)/(-1). Calculate the greatest common divisor of h and t.
1
Let t(k) = k**2 - 6*k - 8. Let o be t(8). Suppose 0 = 3*s - o*s - 25. Let p = -3 - s. What is the highest common factor of 8 and p?
2
Let f(u) = 5*u. Let x be f(3). Let c be 183/(-6)*-1*8. Suppose -4*s = -0*s - j - c, s = -j + 56. What is the highest common divisor of s and x?
15
Let c be (1 - -119)*4/6. Let r = 44 + -28. Calculate the highest common divisor of r and c.
16
Let b be 2*-2 + (-16)/(-4). Let c = -90 + 126. Suppose b = 2*j + j - c. Calculate the highest common divisor of j and 24.
12
Suppose -560 = -4*q - 3*q. What is the highest common divisor of 40 and q?
40
Let t(d) = 3*d - 3. Let r be t(2). Let x = -2 - -5. What is the greatest common factor of x and r?
3
Suppose 3*n = -3 + 12. Let o = n - 1. Calculate the highest common factor of o and 8.
2
Suppose 2*z - 264 = z. What is the greatest common divisor of 24 and z?
24
Let o be (24/(-10))/4 + 19830/50. Calculate the highest common factor of o and 44.
44
Let k be ((-38)/6)/((-4)/132). Calculate the greatest common divisor of 19 and k.
19
Let k = -165 - -240. What is the greatest common divisor of k and 15?
15
Let n(u) = u**2 + 2*u - 5. Let w be n(-4). Suppose 3 - 24 = -w*v. Calculate the greatest common divisor of 77 and v.
7
Let m be 32/5 + 2/(-5). Let q be (-4)/m*12/(-8). What is the highest common factor of q and 7?
1
Suppose 5*o - 29 = o + 5*x, -x = 2*o - 11. Calculate the highest common factor of o and 6.
6
Suppose -4 = 3*k - 6*k + u, 2*k - 3*u + 2 = 0. Calculate the highest common divisor of 4 and k.
2
Let f(n) = n**2 - 4*n - 19. Let k be f